lculate the remainder when 2346031 is divided by 112.
79
Calculate the remainder when 73956130 is divided by 2503.
2492
What is the remainder when 1691643 is divided by 33831?
93
Calculate the remainder when 259994 is divided by 2436.
1778
Calculate the remainder when 54178 is divided by 16420.
4918
Calculate the remainder when 6419 is divided by 16.
3
Calculate the remainder when 113989 is divided by 35287.
8128
Calculate the remainder when 121537 is divided by 381.
379
What is the remainder when 3356222 is divided by 3060?
2462
What is the remainder when 103980961 is divided by 775?
761
Calculate the remainder when 2615743 is divided by 186757.
1145
Calculate the remainder when 814348 is divided by 10825.
2473
What is the remainder when 54496 is divided by 24?
16
Calculate the remainder when 5090126 is divided by 92.
42
What is the remainder when 73591 is divided by 8060?
1051
What is the remainder when 54964 is divided by 13140?
2404
Calculate the remainder when 6660492 is divided by 3.
0
Calculate the remainder when 604437 is divided by 370.
227
Calculate the remainder when 204543 is divided by 2851.
2122
What is the remainder when 23170 is divided by 848?
274
What is the remainder when 48542 is divided by 1300?
442
Calculate the remainder when 372580 is divided by 124190.
10
What is the remainder when 1202123 is divided by 173?
119
What is the remainder when 5071126 is divided by 1690265?
331
What is the remainder when 8324 is divided by 8138?
186
What is the remainder when 1090197 is divided by 20?
17
What is the remainder when 551078 is divided by 1147?
518
What is the remainder when 1398187251 is divided by 11?
10
What is the remainder when 1511334 is divided by 702?
630
Calculate the remainder when 7227426 is divided by 8.
2
What is the remainder when 53272 is divided by 8832?
280
What is the remainder when 40098360 is divided by 2689?
2681
What is the remainder when 25664260 is divided by 1945?
1930
Calculate the remainder when 6267694 is divided by 875.
69
Calculate the remainder when 2895441 is divided by 3918.
39
Calculate the remainder when 14412362 is divided by 121.
52
What is the remainder when 76940 is divided by 37806?
1328
What is the remainder when 1996103 is divided by 58701?
269
Calculate the remainder when 342921 is divided by 2184.
33
Calculate the remainder when 217620 is divided by 1012.
40
What is the remainder when 1319219 is divided by 77595?
104
What is the remainder when 32867989 is divided by 314?
39
Calculate the remainder when 968650 is divided by 846.
826
Calculate the remainder when 5870514 is divided by 1970.
1884
What is the remainder when 14579028 is divided by 3644749?
32
What is the remainder when 93654 is divided by 897?
366
What is the remainder when 3124322 is divided by 49591?
89
Calculate the remainder when 482704094 is divided by 470.
464
What is the remainder when 44171646 is divided by 5809?
10
What is the remainder when 41212862 is divided by 528370?
2
What is the remainder when 184198505 is divided by 92099252?
1
What is the remainder when 4845776 is divided by 45?
41
Calculate the remainder when 455893 is divided by 188.
181
Calculate the remainder when 493936 is divided by 227.
211
Calculate the remainder when 19558 is divided by 410.
288
What is the remainder when 6087000 is divided by 1601?
1599
What is the remainder when 4873397 is divided by 79?
45
Calculate the remainder when 2851438 is divided by 407.
403
What is the remainder when 4690 is divided by 42?
28
What is the remainder when 26717 is divided by 5861?
3273
Calculate the remainder when 7853867 is divided by 122.
117
Calculate the remainder when 2344181 is divided by 716.
713
Calculate the remainder when 137279490 is divided by 149.
128
Calculate the remainder when 203643482 is divided by 2794.
2792
Calculate the remainder when 183463 is divided by 477.
295
Calculate the remainder when 27392869 is divided by 13696432.
5
Calculate the remainder when 146525 is divided by 1251.
158
Calculate the remainder when 78690411 is divided by 39345184.
43
Calculate the remainder when 423081 is divided by 15234.
11763
Calculate the remainder when 23405243 is divided by 1138.
1135
Calculate the remainder when 68024 is divided by 31007.
6010
What is the remainder when 3342343 is divided by 95495?
18
Calculate the remainder when 204735 is divided by 214.
151
Calculate the remainder when 7204505 is divided by 3171.
3164
Calculate the remainder when 739676 is divided by 1994.
1896
What is the remainder when 1343609 is divided by 12796?
29
Calculate the remainder when 315047 is divided by 302.
61
What is the remainder when 322962 is divided by 573?
363
Calculate the remainder when 74223 is divided by 5103.
2781
What is the remainder when 368919 is divided by 1122?
903
Calculate the remainder when 344681 is divided by 1652.
1065
Calculate the remainder when 440512 is divided by 1336.
968
What is the remainder when 15031994 is divided by 11?
10
What is the remainder when 4158999 is divided by 2274?
2127
What is the remainder when 218796 is divided by 499?
234
What is the remainder when 65580693 is divided by 1444?
1433
Calculate the remainder when 63247 is divided by 1374.
43
What is the remainder when 4441456 is divided by 785?
711
Calculate the remainder when 25715920 is divided by 3673693.
69
What is the remainder when 15619 is divided by 45?
4
Calculate the remainder when 1529860 is divided by 566.
528
What is the remainder when 206486 is divided by 166?
148
What is the remainder when 4838912 is divided by 96778?
12
Calculate the remainder when 807522 is divided by 1130.
702
Calculate the remainder when 530084 is divided by 1683.
1622
What is the remainder when 4061198 is divided by 299?
180
What is the remainder when 4827483 is divided by 845?
843
Calculate the remainder when 5176198 is divided by 1763.
30
What is the remainder when 1605434 is divided by 158?
154
What is the remainder when 20499307 is divided by 649?
642
What is the remainder when 4774075 is divided by 122407?
202
Calculate the remainder when 2464 is divided by 811.
31
What is the remainder when 129268 is divided by 1243?
1239
Calculate the remainder when 4161797 is divided by 1040446.
13
What is the remainder when 19958636 is divided by 71?
39
What is the remainder when 131066 is divided by 32766?
2
What is the remainder when 57822 is divided by 108?
42
Calculate the remainder when 1757235 is divided by 2230.
2225
What is the remainder when 177681162 is divided by 15495?
15492
What is the remainder when 551836 is divided by 869?
21
What is the remainder when 108301 is divided by 108257?
44
What is the remainder when 720578 is divided by 477?
308
What is the remainder when 45632084 is divided by 61?
58
What is the remainder when 2339749 is divided by 1337?
1336
What is the remainder when 3081855 is divided by 220121?
161
Calculate the remainder when 317244 is divided by 27.
21
Calculate the remainder when 1134493 is divided by 586.
583
What is the remainder when 734910 is divided by 520?
150
What is the remainder when 273613 is divided by 1877?
1448
Calculate the remainder when 934464 is divided by 1888.
1792
What is the remainder when 135997696 is divided by 208?
16
Calculate the remainder when 61747 is divided by 30822.
103
Calculate the remainder when 92016234 is divided by 543.
540
What is the remainder when 20377947 is divided by 23?
16
Calculate the remainder when 403927 is divided by 100308.
2695
What is the remainder when 36056843 is divided by 901421?
3
What is the remainder when 85300193 is divided by 24?
17
Calculate the remainder when 1517808 is divided by 22.
6
Calculate the remainder when 29314 is divided by 5351.
2559
What is the remainder when 175667 is divided by 3817?
85
What is the remainder when 49933651 is divided by 21?
19
What is the remainder when 10713257 is divided by 5293?
225
Calculate the remainder when 4692218 is divided by 137.
105
What is the remainder when 30132 is divided by 1066?
284
Calculate the remainder when 911279 is divided by 23981.
1
Calculate the remainder when 195914 is divided by 192548.
3366
What is the remainder when 6255914 is divided by 2085288?
50
Calculate the remainder when 57480 is divided by 1106.
1074
Calculate the rem